{"id":306,"date":"2026-04-29T00:46:46","date_gmt":"2026-04-29T00:46:46","guid":{"rendered":"https:\/\/noithatnhadep.azdigi.shop\/?post_type=product&#038;p=306"},"modified":"2026-04-29T01:17:32","modified_gmt":"2026-04-29T01:17:32","slug":"ban-dau-giuong-cabo","status":"publish","type":"product","link":"https:\/\/noithatnhadep.azdigi.shop\/index.php\/san-pham\/ban-dau-giuong-cabo\/","title":{"rendered":"B\u00e0n \u0110\u1ea7u Gi\u01b0\u1eddng Cabo"},"content":{"rendered":"<h1 class=\"product-title product_title entry-title\"><strong>B\u00e0n \u0110\u1ea7u Gi\u01b0\u1eddng Cabo<\/strong><\/h1>\n<h2 data-path-to-node=\"4\"><strong>1. Thi\u1ebft k\u1ebf tinh t\u1ebf, \u0111\u1eadm ch\u1ea5t ngh\u1ec7 thu\u1eadt<\/strong><\/h2>\n<p data-path-to-node=\"5\">\u0110i\u1ec3m nh\u1ea5n \u1ea5n t\u01b0\u1ee3ng nh\u1ea5t c\u1ee7a <b data-path-to-node=\"5\" data-index-in-node=\"28\">t\u1ee7 \u0111\u1ea7u gi\u01b0\u1eddng Cabo<\/b> ch\u00ednh l\u00e0 h\u1ecda ti\u1ebft h\u00ecnh h\u1ecdc d\u1eadp n\u1ed5i \u1edf m\u1eb7t ng\u0103n k\u00e9o. Nh\u1eefng \u0111\u01b0\u1eddng n\u00e9t d\u1ee9t kho\u00e1t, mang h\u01a1i h\u01b0\u1edbng ki\u1ebfn tr\u00fac hi\u1ec7n \u0111\u1ea1i gi\u00fap chi\u1ebfc t\u1ee7 tho\u00e1t kh\u1ecfi v\u1ebb \u0111\u01a1n \u0111i\u1ec7u c\u1ee7a c\u00e1c m\u1eabu n\u1ed9i th\u1ea5t truy\u1ec1n th\u1ed1ng.<\/p>\n<ul data-path-to-node=\"6\">\n<li>\n<p data-path-to-node=\"6,0,0\"><b data-path-to-node=\"6,0,0\" data-index-in-node=\"0\">M\u00e0u s\u1eafc:<\/b>\u00a0 Sang tr\u1ecdng, d\u1ec5 d\u00e0ng k\u1ebft h\u1ee3p v\u1edbi nhi\u1ec1u t\u00f4ng m\u00e0u ga gi\u01b0\u1eddng v\u00e0 th\u1ea3m kh\u00e1c nhau.<\/p>\n<\/li>\n<li>\n<p data-path-to-node=\"6,1,0\"><b data-path-to-node=\"6,1,0\" data-index-in-node=\"0\">Chi ti\u1ebft \u0111\u1eaft gi\u00e1:<\/b> Tay n\u1eafm h\u00ecnh b\u00e1n nguy\u1ec7t v\u00e0 ph\u1ea7n b\u1ecdc ch\u00e2n t\u1ee7 b\u1eb1ng kim lo\u1ea1i m\u00e0u v\u00e0ng gold t\u1ea1o n\u00ean s\u1ef1 t\u01b0\u01a1ng ph\u1ea3n \u0111\u1eb3ng c\u1ea5p, mang l\u1ea1i v\u1ebb \u0111\u1eb9p v\u01b0\u01a1ng gi\u1ea3 (Luxury).<\/p>\n<\/li>\n<\/ul>\n<h2 data-path-to-node=\"7\"><strong>2. C\u00f4ng n\u0103ng s\u1eed d\u1ee5ng th\u00f4ng minh<\/strong><\/h2>\n<p data-path-to-node=\"8\">D\u00f9 s\u1edf h\u1eefu v\u1ebb ngo\u00e0i m\u1ea3nh mai, t\u1ee7 Cabo v\u1eabn \u0111\u1ea3m b\u1ea3o t\u1ed1i \u0111a s\u1ef1 ti\u1ec7n d\u1ee5ng cho ng\u01b0\u1eddi d\u00f9ng:<\/p>\n<ul data-path-to-node=\"9\">\n<li>\n<p data-path-to-node=\"9,0,0\"><b data-path-to-node=\"9,0,0\" data-index-in-node=\"0\">Ng\u0103n k\u00e9o tr\u01b0\u1ee3t \u00eam \u00e1i:<\/b> Th\u00edch h\u1ee3p \u0111\u1ec3 l\u01b0u tr\u1eef nh\u1eefng v\u1eadt d\u1ee5ng c\u00e1 nh\u00e2n nh\u1ecf g\u1ecdn, gi\u00fap kh\u00f4ng gian \u0111\u1ea7u gi\u01b0\u1eddng lu\u00f4n g\u1ecdn g\u00e0ng.<\/p>\n<\/li>\n<li>\n<p data-path-to-node=\"9,1,0\"><b data-path-to-node=\"9,1,0\" data-index-in-node=\"0\">H\u1ed9c k\u1ec7 m\u1edf ti\u1ec7n l\u1ee3i:<\/b> Kho\u1ea3ng tr\u1ed1ng ph\u00eda d\u01b0\u1edbi ng\u0103n k\u00e9o l\u00e0 n\u01a1i l\u00fd t\u01b0\u1edfng \u0111\u1ec3 \u0111\u1eb7t s\u00e1ch, t\u1ea1p ch\u00ed ho\u1eb7c c\u00e1c thi\u1ebft b\u1ecb \u0111i\u1ec7n t\u1eed \u0111ang s\u1ea1c.<\/p>\n<\/li>\n<li>\n<p data-path-to-node=\"9,2,0\"><b data-path-to-node=\"9,2,0\" data-index-in-node=\"0\">M\u1eb7t t\u1ee7 r\u1ed9ng r\u00e3i:<\/b> \u0110\u1ee7 di\u1ec7n t\u00edch cho m\u1ed9t chi\u1ebfc \u0111\u00e8n ng\u1ee7, \u0111\u1ed3ng h\u1ed3 b\u00e1o th\u1ee9c v\u00e0 m\u1ed9t t\u00e1ch tr\u00e0 th\u01b0 gi\u00e3n tr\u01b0\u1edbc khi ng\u1ee7.<\/p>\n<\/li>\n<\/ul>\n<h2 data-path-to-node=\"10\"><strong>3. Ch\u1ea5t li\u1ec7u cao c\u1ea5p, b\u1ec1n b\u1ec9 v\u1edbi th\u1eddi gian<\/strong><\/h2>\n<p data-path-to-node=\"11\">\u0110\u01b0\u1ee3c ch\u1ebf t\u00e1c t\u1eeb g\u1ed7 c\u00f4ng nghi\u1ec7p cao c\u1ea5p ho\u1eb7c g\u1ed7 t\u1ef1 nhi\u00ean (t\u00f9y phi\u00ean b\u1ea3n) \u0111\u00e3 qua x\u1eed l\u00fd ch\u1ed1ng m\u1ed1i m\u1ecdt, cong v\u00eanh, t\u1ee7 \u0111\u1ea7u gi\u01b0\u1eddng Cabo \u0111\u1ea3m b\u1ea3o \u0111\u1ed9 b\u1ec1n h\u00e0ng ch\u1ee5c n\u0103m. L\u1edbp s\u01a1n ph\u1ee7 ch\u1ea5t l\u01b0\u1ee3ng cao gi\u00fap b\u1ec1 m\u1eb7t t\u1ee7 m\u1ecbn m\u00e0ng, ch\u1ed1ng tr\u1ea7y x\u01b0\u1edbc v\u00e0 c\u1ef1c k\u1ef3 d\u1ec5 d\u00e0ng v\u1ec7 sinh b\u1eb1ng kh\u0103n \u1ea9m.<\/p>\n<h2 data-path-to-node=\"12\"><strong>4. T\u1ea1i sao n\u00ean ch\u1ecdn t\u1ee7 \u0111\u1ea7u gi\u01b0\u1eddng Cabo cho ph\u00f2ng ng\u1ee7?<\/strong><\/h2>\n<ul data-path-to-node=\"13\">\n<li>\n<p data-path-to-node=\"13,0,0\"><b data-path-to-node=\"13,0,0\" data-index-in-node=\"0\">T\u1ed1i \u01b0u di\u1ec7n t\u00edch:<\/b> K\u00edch th\u01b0\u1edbc nh\u1ecf g\u1ecdn, ph\u00f9 h\u1ee3p c\u1ea3 v\u1edbi nh\u1eefng c\u0103n h\u1ed9 chung c\u01b0 c\u00f3 di\u1ec7n t\u00edch h\u1ea1n ch\u1ebf.<\/p>\n<\/li>\n<li>\n<p data-path-to-node=\"13,1,0\"><b data-path-to-node=\"13,1,0\" data-index-in-node=\"0\">Phong c\u00e1ch \u0111a d\u1ea1ng:<\/b> Ph\u00f9 h\u1ee3p t\u1eeb kh\u00f4ng gian Minimalism, Modern Classic cho \u0111\u1ebfn Industrial.<\/p>\n<\/li>\n<li>\n<p data-path-to-node=\"13,2,0\"><b data-path-to-node=\"13,2,0\" data-index-in-node=\"0\">Ch\u1ea5t l\u01b0\u1ee3ng v\u01b0\u1ee3t tr\u1ed9i:<\/b> T\u1eebng \u0111\u01b0\u1eddng kim m\u0169i ch\u1ec9, g\u00f3c c\u1ea1nh \u0111\u1ec1u \u0111\u01b0\u1ee3c gia c\u00f4ng t\u1ec9 m\u1ec9, \u0111\u1ea1t chu\u1ea9n xu\u1ea5t kh\u1ea9u.<\/p>\n<\/li>\n<\/ul>\n","protected":false},"excerpt":{"rendered":"<h3 data-path-to-node=\"4\"><strong>1. Thi\u1ebft k\u1ebf tinh t\u1ebf, \u0111\u1eadm ch\u1ea5t ngh\u1ec7 thu\u1eadt<\/strong><\/h3>\n<h3 data-path-to-node=\"7\"><strong>2. C\u00f4ng n\u0103ng s\u1eed d\u1ee5ng th\u00f4ng minh<\/strong><\/h3>\n<h3 data-path-to-node=\"10\"><strong>3. Ch\u1ea5t li\u1ec7u cao c\u1ea5p, b\u1ec1n b\u1ec9 v\u1edbi th\u1eddi gian<\/strong><\/h3>\n","protected":false},"featured_media":310,"comment_status":"open","ping_status":"closed","template":"","meta":[],"product_brand":[],"product_cat":[34,39],"product_tag":[],"class_list":{"0":"post-306","1":"product","2":"type-product","3":"status-publish","4":"has-post-thumbnail","6":"product_cat-ban-dau-giuong","7":"product_cat-san-pham","9":"first","10":"instock","11":"shipping-taxable","12":"purchasable","13":"product-type-variable"},"yoast_head":"<!-- This site is optimized with the Yoast SEO plugin v27.4 - https:\/\/yoast.com\/product\/yoast-seo-wordpress\/ -->\n<title>B\u00e0n \u0110\u1ea7u Gi\u01b0\u1eddng Cabo - noithatnhadep<\/title>\n<meta name=\"description\" content=\"B\u00e0n \u0110\u1ea7u Gi\u01b0\u1eddng Cabo. B\u00e0n \u0111\u1ea7u gi\u01b0\u1eddng l\u00e0 s\u1ea3n ph\u1ea9m l\u00fd t\u01b0\u1edfng trong thi\u1ebft k\u1ebf kh\u00f4ng gian ph\u00f2ng ng\u1ee7 v\u00ec c\u00f3 thi\u1ebft k\u1ebf sang tr\u1ecdng, hi\u1ec7n \u0111\u1ea1i.\" \/>\n<meta name=\"robots\" content=\"index, follow, max-snippet:-1, max-image-preview:large, max-video-preview:-1\" \/>\n<link rel=\"canonical\" href=\"https:\/\/noithatnhadep.azdigi.shop\/index.php\/san-pham\/ban-dau-giuong-cabo\/\" \/>\n<meta property=\"og:locale\" content=\"vi_VN\" \/>\n<meta property=\"og:type\" content=\"article\" \/>\n<meta property=\"og:title\" content=\"B\u00e0n \u0110\u1ea7u Gi\u01b0\u1eddng Cabo - noithatnhadep\" \/>\n<meta property=\"og:description\" content=\"B\u00e0n \u0110\u1ea7u Gi\u01b0\u1eddng Cabo. B\u00e0n \u0111\u1ea7u gi\u01b0\u1eddng l\u00e0 s\u1ea3n ph\u1ea9m l\u00fd t\u01b0\u1edfng trong thi\u1ebft k\u1ebf kh\u00f4ng gian ph\u00f2ng ng\u1ee7 v\u00ec c\u00f3 thi\u1ebft k\u1ebf sang tr\u1ecdng, hi\u1ec7n \u0111\u1ea1i.\" \/>\n<meta property=\"og:url\" content=\"https:\/\/noithatnhadep.azdigi.shop\/index.php\/san-pham\/ban-dau-giuong-cabo\/\" \/>\n<meta property=\"og:site_name\" content=\"noithatnhadep\" \/>\n<meta property=\"article:modified_time\" content=\"2026-04-29T01:17:32+00:00\" \/>\n<meta property=\"og:image\" content=\"https:\/\/noithatnhadep.azdigi.shop\/wp-content\/uploads\/2026\/04\/Ban-dau-giuong-Cabo-PMA532058-F1-1.webp\" \/>\n\t<meta property=\"og:image:width\" content=\"1000\" \/>\n\t<meta property=\"og:image:height\" content=\"666\" \/>\n\t<meta property=\"og:image:type\" content=\"image\/webp\" \/>\n<meta name=\"twitter:card\" content=\"summary_large_image\" \/>\n<meta name=\"twitter:label1\" content=\"\u01af\u1edbc t\u00ednh th\u1eddi gian \u0111\u1ecdc\" \/>\n\t<meta name=\"twitter:data1\" content=\"3 ph\u00fat\" \/>\n<script type=\"application\/ld+json\" class=\"yoast-schema-graph\">{\"@context\":\"https:\\\/\\\/schema.org\",\"@graph\":[{\"@type\":\"WebPage\",\"@id\":\"https:\\\/\\\/noithatnhadep.azdigi.shop\\\/index.php\\\/san-pham\\\/ban-dau-giuong-cabo\\\/\",\"url\":\"https:\\\/\\\/noithatnhadep.azdigi.shop\\\/index.php\\\/san-pham\\\/ban-dau-giuong-cabo\\\/\",\"name\":\"B\u00e0n \u0110\u1ea7u Gi\u01b0\u1eddng Cabo - noithatnhadep\",\"isPartOf\":{\"@id\":\"https:\\\/\\\/noithatnhadep.azdigi.shop\\\/#website\"},\"primaryImageOfPage\":{\"@id\":\"https:\\\/\\\/noithatnhadep.azdigi.shop\\\/index.php\\\/san-pham\\\/ban-dau-giuong-cabo\\\/#primaryimage\"},\"image\":{\"@id\":\"https:\\\/\\\/noithatnhadep.azdigi.shop\\\/index.php\\\/san-pham\\\/ban-dau-giuong-cabo\\\/#primaryimage\"},\"thumbnailUrl\":\"https:\\\/\\\/noithatnhadep.azdigi.shop\\\/wp-content\\\/uploads\\\/2026\\\/04\\\/Ban-dau-giuong-Cabo-PMA532058-F1-1.webp\",\"datePublished\":\"2026-04-29T00:46:46+00:00\",\"dateModified\":\"2026-04-29T01:17:32+00:00\",\"description\":\"B\u00e0n \u0110\u1ea7u Gi\u01b0\u1eddng Cabo. B\u00e0n \u0111\u1ea7u gi\u01b0\u1eddng l\u00e0 s\u1ea3n ph\u1ea9m l\u00fd t\u01b0\u1edfng trong thi\u1ebft k\u1ebf kh\u00f4ng gian ph\u00f2ng ng\u1ee7 v\u00ec c\u00f3 thi\u1ebft k\u1ebf sang tr\u1ecdng, hi\u1ec7n \u0111\u1ea1i.\",\"breadcrumb\":{\"@id\":\"https:\\\/\\\/noithatnhadep.azdigi.shop\\\/index.php\\\/san-pham\\\/ban-dau-giuong-cabo\\\/#breadcrumb\"},\"inLanguage\":\"vi\",\"potentialAction\":[{\"@type\":\"ReadAction\",\"target\":[\"https:\\\/\\\/noithatnhadep.azdigi.shop\\\/index.php\\\/san-pham\\\/ban-dau-giuong-cabo\\\/\"]}]},{\"@type\":\"ImageObject\",\"inLanguage\":\"vi\",\"@id\":\"https:\\\/\\\/noithatnhadep.azdigi.shop\\\/index.php\\\/san-pham\\\/ban-dau-giuong-cabo\\\/#primaryimage\",\"url\":\"https:\\\/\\\/noithatnhadep.azdigi.shop\\\/wp-content\\\/uploads\\\/2026\\\/04\\\/Ban-dau-giuong-Cabo-PMA532058-F1-1.webp\",\"contentUrl\":\"https:\\\/\\\/noithatnhadep.azdigi.shop\\\/wp-content\\\/uploads\\\/2026\\\/04\\\/Ban-dau-giuong-Cabo-PMA532058-F1-1.webp\",\"width\":1000,\"height\":666,\"caption\":\"B\u00e0n \u0110\u1ea7u Gi\u01b0\u1eddng Cabo\"},{\"@type\":\"BreadcrumbList\",\"@id\":\"https:\\\/\\\/noithatnhadep.azdigi.shop\\\/index.php\\\/san-pham\\\/ban-dau-giuong-cabo\\\/#breadcrumb\",\"itemListElement\":[{\"@type\":\"ListItem\",\"position\":1,\"name\":\"Trang ch\u1ee7\",\"item\":\"https:\\\/\\\/noithatnhadep.azdigi.shop\\\/\"},{\"@type\":\"ListItem\",\"position\":2,\"name\":\"C\u1eeda h\u00e0ng\",\"item\":\"https:\\\/\\\/noithatnhadep.azdigi.shop\\\/index.php\\\/cua-hang\\\/\"},{\"@type\":\"ListItem\",\"position\":3,\"name\":\"B\u00e0n \u0110\u1ea7u Gi\u01b0\u1eddng Cabo\"}]},{\"@type\":\"WebSite\",\"@id\":\"https:\\\/\\\/noithatnhadep.azdigi.shop\\\/#website\",\"url\":\"https:\\\/\\\/noithatnhadep.azdigi.shop\\\/\",\"name\":\"noithatnhadep\",\"description\":\"\",\"potentialAction\":[{\"@type\":\"SearchAction\",\"target\":{\"@type\":\"EntryPoint\",\"urlTemplate\":\"https:\\\/\\\/noithatnhadep.azdigi.shop\\\/?s={search_term_string}\"},\"query-input\":{\"@type\":\"PropertyValueSpecification\",\"valueRequired\":true,\"valueName\":\"search_term_string\"}}],\"inLanguage\":\"vi\"}]}<\/script>\n<!-- \/ Yoast SEO plugin. -->","yoast_head_json":{"title":"B\u00e0n \u0110\u1ea7u Gi\u01b0\u1eddng Cabo - noithatnhadep","description":"B\u00e0n \u0110\u1ea7u Gi\u01b0\u1eddng Cabo. B\u00e0n \u0111\u1ea7u gi\u01b0\u1eddng l\u00e0 s\u1ea3n ph\u1ea9m l\u00fd t\u01b0\u1edfng trong thi\u1ebft k\u1ebf kh\u00f4ng gian ph\u00f2ng ng\u1ee7 v\u00ec c\u00f3 thi\u1ebft k\u1ebf sang tr\u1ecdng, hi\u1ec7n \u0111\u1ea1i.","robots":{"index":"index","follow":"follow","max-snippet":"max-snippet:-1","max-image-preview":"max-image-preview:large","max-video-preview":"max-video-preview:-1"},"canonical":"https:\/\/noithatnhadep.azdigi.shop\/index.php\/san-pham\/ban-dau-giuong-cabo\/","og_locale":"vi_VN","og_type":"article","og_title":"B\u00e0n \u0110\u1ea7u Gi\u01b0\u1eddng Cabo - noithatnhadep","og_description":"B\u00e0n \u0110\u1ea7u Gi\u01b0\u1eddng Cabo. B\u00e0n \u0111\u1ea7u gi\u01b0\u1eddng l\u00e0 s\u1ea3n ph\u1ea9m l\u00fd t\u01b0\u1edfng trong thi\u1ebft k\u1ebf kh\u00f4ng gian ph\u00f2ng ng\u1ee7 v\u00ec c\u00f3 thi\u1ebft k\u1ebf sang tr\u1ecdng, hi\u1ec7n \u0111\u1ea1i.","og_url":"https:\/\/noithatnhadep.azdigi.shop\/index.php\/san-pham\/ban-dau-giuong-cabo\/","og_site_name":"noithatnhadep","article_modified_time":"2026-04-29T01:17:32+00:00","og_image":[{"width":1000,"height":666,"url":"https:\/\/noithatnhadep.azdigi.shop\/wp-content\/uploads\/2026\/04\/Ban-dau-giuong-Cabo-PMA532058-F1-1.webp","type":"image\/webp"}],"twitter_card":"summary_large_image","twitter_misc":{"\u01af\u1edbc t\u00ednh th\u1eddi gian \u0111\u1ecdc":"3 ph\u00fat"},"schema":{"@context":"https:\/\/schema.org","@graph":[{"@type":"WebPage","@id":"https:\/\/noithatnhadep.azdigi.shop\/index.php\/san-pham\/ban-dau-giuong-cabo\/","url":"https:\/\/noithatnhadep.azdigi.shop\/index.php\/san-pham\/ban-dau-giuong-cabo\/","name":"B\u00e0n \u0110\u1ea7u Gi\u01b0\u1eddng Cabo - noithatnhadep","isPartOf":{"@id":"https:\/\/noithatnhadep.azdigi.shop\/#website"},"primaryImageOfPage":{"@id":"https:\/\/noithatnhadep.azdigi.shop\/index.php\/san-pham\/ban-dau-giuong-cabo\/#primaryimage"},"image":{"@id":"https:\/\/noithatnhadep.azdigi.shop\/index.php\/san-pham\/ban-dau-giuong-cabo\/#primaryimage"},"thumbnailUrl":"https:\/\/noithatnhadep.azdigi.shop\/wp-content\/uploads\/2026\/04\/Ban-dau-giuong-Cabo-PMA532058-F1-1.webp","datePublished":"2026-04-29T00:46:46+00:00","dateModified":"2026-04-29T01:17:32+00:00","description":"B\u00e0n \u0110\u1ea7u Gi\u01b0\u1eddng Cabo. B\u00e0n \u0111\u1ea7u gi\u01b0\u1eddng l\u00e0 s\u1ea3n ph\u1ea9m l\u00fd t\u01b0\u1edfng trong thi\u1ebft k\u1ebf kh\u00f4ng gian ph\u00f2ng ng\u1ee7 v\u00ec c\u00f3 thi\u1ebft k\u1ebf sang tr\u1ecdng, hi\u1ec7n \u0111\u1ea1i.","breadcrumb":{"@id":"https:\/\/noithatnhadep.azdigi.shop\/index.php\/san-pham\/ban-dau-giuong-cabo\/#breadcrumb"},"inLanguage":"vi","potentialAction":[{"@type":"ReadAction","target":["https:\/\/noithatnhadep.azdigi.shop\/index.php\/san-pham\/ban-dau-giuong-cabo\/"]}]},{"@type":"ImageObject","inLanguage":"vi","@id":"https:\/\/noithatnhadep.azdigi.shop\/index.php\/san-pham\/ban-dau-giuong-cabo\/#primaryimage","url":"https:\/\/noithatnhadep.azdigi.shop\/wp-content\/uploads\/2026\/04\/Ban-dau-giuong-Cabo-PMA532058-F1-1.webp","contentUrl":"https:\/\/noithatnhadep.azdigi.shop\/wp-content\/uploads\/2026\/04\/Ban-dau-giuong-Cabo-PMA532058-F1-1.webp","width":1000,"height":666,"caption":"B\u00e0n \u0110\u1ea7u Gi\u01b0\u1eddng Cabo"},{"@type":"BreadcrumbList","@id":"https:\/\/noithatnhadep.azdigi.shop\/index.php\/san-pham\/ban-dau-giuong-cabo\/#breadcrumb","itemListElement":[{"@type":"ListItem","position":1,"name":"Trang ch\u1ee7","item":"https:\/\/noithatnhadep.azdigi.shop\/"},{"@type":"ListItem","position":2,"name":"C\u1eeda h\u00e0ng","item":"https:\/\/noithatnhadep.azdigi.shop\/index.php\/cua-hang\/"},{"@type":"ListItem","position":3,"name":"B\u00e0n \u0110\u1ea7u Gi\u01b0\u1eddng Cabo"}]},{"@type":"WebSite","@id":"https:\/\/noithatnhadep.azdigi.shop\/#website","url":"https:\/\/noithatnhadep.azdigi.shop\/","name":"noithatnhadep","description":"","potentialAction":[{"@type":"SearchAction","target":{"@type":"EntryPoint","urlTemplate":"https:\/\/noithatnhadep.azdigi.shop\/?s={search_term_string}"},"query-input":{"@type":"PropertyValueSpecification","valueRequired":true,"valueName":"search_term_string"}}],"inLanguage":"vi"}]}},"_links":{"self":[{"href":"https:\/\/noithatnhadep.azdigi.shop\/index.php\/wp-json\/wp\/v2\/product\/306","targetHints":{"allow":["GET"]}}],"collection":[{"href":"https:\/\/noithatnhadep.azdigi.shop\/index.php\/wp-json\/wp\/v2\/product"}],"about":[{"href":"https:\/\/noithatnhadep.azdigi.shop\/index.php\/wp-json\/wp\/v2\/types\/product"}],"replies":[{"embeddable":true,"href":"https:\/\/noithatnhadep.azdigi.shop\/index.php\/wp-json\/wp\/v2\/comments?post=306"}],"wp:featuredmedia":[{"embeddable":true,"href":"https:\/\/noithatnhadep.azdigi.shop\/index.php\/wp-json\/wp\/v2\/media\/310"}],"wp:attachment":[{"href":"https:\/\/noithatnhadep.azdigi.shop\/index.php\/wp-json\/wp\/v2\/media?parent=306"}],"wp:term":[{"taxonomy":"product_brand","embeddable":true,"href":"https:\/\/noithatnhadep.azdigi.shop\/index.php\/wp-json\/wp\/v2\/product_brand?post=306"},{"taxonomy":"product_cat","embeddable":true,"href":"https:\/\/noithatnhadep.azdigi.shop\/index.php\/wp-json\/wp\/v2\/product_cat?post=306"},{"taxonomy":"product_tag","embeddable":true,"href":"https:\/\/noithatnhadep.azdigi.shop\/index.php\/wp-json\/wp\/v2\/product_tag?post=306"}],"curies":[{"name":"wp","href":"https:\/\/api.w.org\/{rel}","templated":true}]}}