{"id":134,"date":"2026-04-28T10:58:41","date_gmt":"2026-04-28T10:58:41","guid":{"rendered":"https:\/\/noithatnhadep.azdigi.shop\/?post_type=product&#038;p=134"},"modified":"2026-04-28T10:58:41","modified_gmt":"2026-04-28T10:58:41","slug":"armchair-may-vai-vact-10506","status":"publish","type":"product","link":"https:\/\/noithatnhadep.azdigi.shop\/index.php\/san-pham\/armchair-may-vai-vact-10506\/","title":{"rendered":"Armchair M\u00e2y (V\u1ea3i Vact 10506)"},"content":{"rendered":"<h2 style=\"text-align: center;\" data-start=\"0\" data-end=\"35\"><strong data-start=\"0\" data-end=\"33\">ARMCHAIR M\u00c2Y (V\u1ea2I VACT 10506)<\/strong><\/h2>\n<p data-start=\"37\" data-end=\"705\">Armchair M\u00e2y (V\u1ea3i VACT 10506) mang \u0111\u1ebfn c\u1ea3m gi\u00e1c g\u1ea7n g\u0169i, nh\u1eb9 nh\u00e0ng nh\u01b0ng v\u1eabn gi\u1eef \u0111\u01b0\u1ee3c n\u00e9t tinh t\u1ebf v\u00e0 hi\u1ec7n \u0111\u1ea1i trong kh\u00f4ng gian s\u1ed1ng. Thi\u1ebft k\u1ebf s\u1eed d\u1ee5ng ch\u1ea5t li\u1ec7u m\u00e2y \u0111an t\u1ef1 nhi\u00ean k\u1ebft h\u1ee3p c\u00f9ng ph\u1ea7n \u0111\u1ec7m b\u1ecdc v\u1ea3i VACT 10506 \u00eam \u00e1i, t\u1ea1o n\u00ean s\u1ef1 h\u00e0i h\u00f2a gi\u1eefa th\u1ea9m m\u1ef9 v\u00e0 c\u00f4ng n\u0103ng. Nh\u1eefng \u0111\u01b0\u1eddng \u0111an th\u1ee7 c\u00f4ng t\u1ec9 m\u1ec9 kh\u00f4ng ch\u1ec9 gi\u00fap chi\u1ebfc gh\u1ebf tr\u1edf n\u00ean tho\u00e1ng nh\u1eb9 m\u00e0 c\u00f2n t\u0103ng \u0111\u1ed9 b\u1ec1n v\u00e0 s\u1ef1 ch\u1eafc ch\u1eafn khi s\u1eed d\u1ee5ng. T\u00f4ng m\u00e0u trung t\u00ednh c\u1ee7a v\u1ea3i d\u1ec5 d\u00e0ng ph\u1ed1i h\u1ee3p v\u1edbi nhi\u1ec1u phong c\u00e1ch n\u1ed9i th\u1ea5t, t\u1eeb t\u1ed1i gi\u1ea3n, vintage \u0111\u1ebfn hi\u1ec7n \u0111\u1ea1i. Armchair kh\u00f4ng ch\u1ec9 l\u00e0 n\u01a1i th\u01b0 gi\u00e3n l\u00fd t\u01b0\u1edfng sau nh\u1eefng gi\u1edd l\u00e0m vi\u1ec7c m\u00e0 c\u00f2n l\u00e0 \u0111i\u1ec3m nh\u1ea5n decor \u0111\u1ea7y \u1ea5n t\u01b0\u1ee3ng cho ph\u00f2ng kh\u00e1ch, ph\u00f2ng ng\u1ee7 hay g\u00f3c chill ri\u00eang c\u1ee7a b\u1ea1n.<\/p>\n<hr data-start=\"707\" data-end=\"710\" \/>\n<h4 data-start=\"712\" data-end=\"724\"><strong data-start=\"712\" data-end=\"724\">B\u1ea2O H\u00c0NH<\/strong><\/h4>\n<p data-start=\"726\" data-end=\"987\">C\u00e1c s\u1ea3n ph\u1ea9m n\u1ed9i th\u1ea5t t\u1ea1i <strong data-start=\"752\" data-end=\"761\">Homie<\/strong> \u0111\u01b0\u1ee3c s\u1ea3n xu\u1ea5t v\u1edbi quy tr\u00ecnh ki\u1ec3m so\u00e1t ch\u1ea5t l\u01b0\u1ee3ng nghi\u00eam ng\u1eb7t, t\u1eeb kh\u00e2u l\u1ef1a ch\u1ecdn nguy\u00ean v\u1eadt li\u1ec7u \u0111\u1ebfn ho\u00e0n thi\u1ec7n s\u1ea3n ph\u1ea9m. M\u1ed7i s\u1ea3n ph\u1ea9m tr\u01b0\u1edbc khi \u0111\u1ebfn tay kh\u00e1ch h\u00e0ng \u0111\u1ec1u \u0111\u01b0\u1ee3c ki\u1ec3m tra k\u1ef9 l\u01b0\u1ee1ng nh\u1eb1m \u0111\u1ea3m b\u1ea3o \u0111\u1ed9 b\u1ec1n v\u00e0 t\u00ednh th\u1ea9m m\u1ef9.<\/p>\n<p data-start=\"989\" data-end=\"1213\">Homie \u00e1p d\u1ee5ng ch\u00ednh s\u00e1ch b\u1ea3o h\u00e0nh <strong data-start=\"1023\" data-end=\"1035\">12 th\u00e1ng<\/strong> \u0111\u1ed1i v\u1edbi c\u00e1c l\u1ed7i k\u1ef9 thu\u1eadt ph\u00e1t sinh t\u1eeb qu\u00e1 tr\u00ecnh s\u1ea3n xu\u1ea5t ho\u1eb7c l\u1eafp \u0111\u1eb7t. Khi s\u1ea3n ph\u1ea9m g\u1eb7p s\u1ef1 c\u1ed1, qu\u00fd kh\u00e1ch vui l\u00f2ng li\u00ean h\u1ec7 ngay v\u1edbi Homie \u0111\u1ec3 \u0111\u01b0\u1ee3c h\u1ed7 tr\u1ee3, <strong data-start=\"1189\" data-end=\"1212\">kh\u00f4ng t\u1ef1 \u00fd s\u1eeda ch\u1eefa<\/strong>.<\/p>\n<p data-start=\"1215\" data-end=\"1347\">Sau khi h\u1ebft th\u1eddi h\u1ea1n b\u1ea3o h\u00e0nh, n\u1ebfu c\u00f3 nhu c\u1ea7u h\u1ed7 tr\u1ee3 ho\u1eb7c s\u1eeda ch\u1eefa, qu\u00fd kh\u00e1ch v\u1eabn c\u00f3 th\u1ec3 li\u00ean h\u1ec7 Homie \u0111\u1ec3 \u0111\u01b0\u1ee3c t\u01b0 v\u1ea5n v\u00e0 gi\u1ea3i quy\u1ebft.<\/p>\n<p data-start=\"1349\" data-end=\"1388\"><strong data-start=\"1349\" data-end=\"1388\">C\u00e1c tr\u01b0\u1eddng h\u1ee3p kh\u00f4ng \u0111\u01b0\u1ee3c b\u1ea3o h\u00e0nh:<\/strong><\/p>\n<ul data-start=\"1389\" data-end=\"1742\">\n<li data-section-id=\"7rml3c\" data-start=\"1389\" data-end=\"1470\">Kh\u00e1ch h\u00e0ng t\u1ef1 \u00fd s\u1eeda ch\u1eefa khi s\u1ea3n ph\u1ea9m g\u1eb7p s\u1ef1 c\u1ed1 m\u00e0 kh\u00f4ng th\u00f4ng b\u00e1o cho Homie.<\/li>\n<li data-section-id=\"17t3xm\" data-start=\"1471\" data-end=\"1551\">S\u1eed d\u1ee5ng kh\u00f4ng \u0111\u00fang h\u01b0\u1edbng d\u1eabn, g\u00e2y tr\u1ea7y x\u01b0\u1edbc, m\u00f3p m\u00e9o, b\u00e1m b\u1ea9n ho\u1eb7c phai m\u00e0u.<\/li>\n<li data-section-id=\"1g2hlm9\" data-start=\"1552\" data-end=\"1657\">H\u01b0 h\u1ecfng do t\u00e1c \u0111\u1ed9ng m\u00f4i tr\u01b0\u1eddng nh\u01b0 \u1ea9m m\u1ed1c, kh\u00f4 n\u1ee9t, m\u1ed1i m\u1ecdt ho\u1eb7c do h\u00f3a ch\u1ea5t, thi\u1ebft b\u1ecb kh\u00f4ng ph\u00f9 h\u1ee3p.<\/li>\n<li data-section-id=\"1i460ey\" data-start=\"1658\" data-end=\"1696\">S\u1ea3n ph\u1ea9m \u0111\u00e3 h\u1ebft th\u1eddi h\u1ea1n b\u1ea3o h\u00e0nh.<\/li>\n<li data-section-id=\"xyuqhs\" data-start=\"1697\" data-end=\"1742\">Kh\u00f4ng c\u00f3 phi\u1ebfu b\u1ea3o h\u00e0nh h\u1ee3p l\u1ec7 c\u1ee7a Homie.<\/li>\n<\/ul>\n<hr data-start=\"1744\" data-end=\"1747\" \/>\n<h4 data-start=\"1749\" data-end=\"1770\"><strong data-start=\"1749\" data-end=\"1770\">GIAO H\u00c0NG T\u1eacN N\u01a0I<\/strong><\/h4>\n<p data-start=\"1772\" data-end=\"1946\" data-is-last-node=\"\" data-is-only-node=\"\">Homie cung c\u1ea5p d\u1ecbch v\u1ee5 giao h\u00e0ng t\u1eadn n\u01a1i, l\u1eafp r\u00e1p v\u00e0 b\u1ed1 tr\u00ed s\u1ea3n ph\u1ea9m theo y\u00eau c\u1ea7u c\u1ee7a kh\u00e1ch h\u00e0ng.<br data-start=\"1869\" data-end=\"1872\" \/>Chi ph\u00ed giao h\u00e0ng s\u1ebd \u0111\u01b0\u1ee3c th\u00f4ng b\u00e1o c\u1ee5 th\u1ec3 d\u1ef1a tr\u00ean t\u1eebng \u0111\u01a1n h\u00e0ng th\u1ef1c t\u1ebf.<\/p>\n","protected":false},"excerpt":{"rendered":"<div class=\"nx-row\"><strong><span class=\"nx-label\">K\u00edch th\u01b0\u1edbc : <\/span><span class=\"nx-value\">D670 &#8211; R760 &#8211; C700 mm<\/span><\/strong><\/div>\n<div class=\"nx-row\"><strong><span class=\"nx-label\">Ch\u1ea5t li\u1ec7u : <\/span><span class=\"nx-value\">G\u1ed7 Beech t\u1ef1 nhi\u00ean &#8211; N\u1ec7m b\u1ecdc v\u1ea3i nh\u1eadp kh\u1ea9u cao c\u1ea5p &#8211; M\u00e2y t\u1ef1 nhi\u00ean m\u00e0u tr\u1eafng, bao g\u1ed3m 1 g\u1ed1i trang tr\u00ed<\/span><\/strong><\/div>\n","protected":false},"featured_media":135,"comment_status":"open","ping_status":"closed","template":"","meta":[],"product_brand":[],"product_cat":[32,39],"product_tag":[],"class_list":{"0":"post-134","1":"product","2":"type-product","3":"status-publish","4":"has-post-thumbnail","6":"product_cat-ghe","7":"product_cat-san-pham","9":"first","10":"instock","11":"shipping-taxable","12":"purchasable","13":"product-type-variable"},"yoast_head":"<!-- This site is optimized with the Yoast SEO plugin v27.4 - https:\/\/yoast.com\/product\/yoast-seo-wordpress\/ -->\n<title>Armchair M\u00e2y (V\u1ea3i Vact 10506) - noithatnhadep<\/title>\n<meta name=\"description\" content=\"Armchair M\u00e2y (V\u1ea3i VACT 10506) mang \u0111\u1ebfn c\u1ea3m gi\u00e1c g\u1ea7n g\u0169i, nh\u1eb9 nh\u00e0ng nh\u01b0ng v\u1eabn gi\u1eef \u0111\u01b0\u1ee3c n\u00e9t tinh t\u1ebf v\u00e0 hi\u1ec7n \u0111\u1ea1i trong kh\u00f4ng gian s\u1ed1ng.\" \/>\n<meta name=\"robots\" content=\"index, follow, max-snippet:-1, max-image-preview:large, max-video-preview:-1\" \/>\n<link rel=\"canonical\" href=\"https:\/\/noithatnhadep.azdigi.shop\/index.php\/san-pham\/armchair-may-vai-vact-10506\/\" \/>\n<meta property=\"og:locale\" content=\"vi_VN\" \/>\n<meta property=\"og:type\" content=\"article\" \/>\n<meta property=\"og:title\" content=\"Armchair M\u00e2y (V\u1ea3i Vact 10506) - noithatnhadep\" \/>\n<meta property=\"og:description\" content=\"Armchair M\u00e2y (V\u1ea3i VACT 10506) mang \u0111\u1ebfn c\u1ea3m gi\u00e1c g\u1ea7n g\u0169i, nh\u1eb9 nh\u00e0ng nh\u01b0ng v\u1eabn gi\u1eef \u0111\u01b0\u1ee3c n\u00e9t tinh t\u1ebf v\u00e0 hi\u1ec7n \u0111\u1ea1i trong kh\u00f4ng gian s\u1ed1ng.\" \/>\n<meta property=\"og:url\" content=\"https:\/\/noithatnhadep.azdigi.shop\/index.php\/san-pham\/armchair-may-vai-vact-10506\/\" \/>\n<meta property=\"og:site_name\" content=\"noithatnhadep\" \/>\n<meta property=\"og:image\" content=\"https:\/\/noithatnhadep.azdigi.shop\/wp-content\/uploads\/2026\/04\/Screenshot-2026-04-28-175302.png\" \/>\n\t<meta property=\"og:image:width\" content=\"620\" \/>\n\t<meta property=\"og:image:height\" content=\"570\" \/>\n\t<meta property=\"og:image:type\" content=\"image\/png\" \/>\n<meta name=\"twitter:card\" content=\"summary_large_image\" \/>\n<meta name=\"twitter:label1\" content=\"\u01af\u1edbc t\u00ednh th\u1eddi gian \u0111\u1ecdc\" \/>\n\t<meta name=\"twitter:data1\" content=\"3 ph\u00fat\" \/>\n<script type=\"application\/ld+json\" class=\"yoast-schema-graph\">{\"@context\":\"https:\\\/\\\/schema.org\",\"@graph\":[{\"@type\":\"WebPage\",\"@id\":\"https:\\\/\\\/noithatnhadep.azdigi.shop\\\/index.php\\\/san-pham\\\/armchair-may-vai-vact-10506\\\/\",\"url\":\"https:\\\/\\\/noithatnhadep.azdigi.shop\\\/index.php\\\/san-pham\\\/armchair-may-vai-vact-10506\\\/\",\"name\":\"Armchair M\u00e2y (V\u1ea3i Vact 10506) - noithatnhadep\",\"isPartOf\":{\"@id\":\"https:\\\/\\\/noithatnhadep.azdigi.shop\\\/#website\"},\"primaryImageOfPage\":{\"@id\":\"https:\\\/\\\/noithatnhadep.azdigi.shop\\\/index.php\\\/san-pham\\\/armchair-may-vai-vact-10506\\\/#primaryimage\"},\"image\":{\"@id\":\"https:\\\/\\\/noithatnhadep.azdigi.shop\\\/index.php\\\/san-pham\\\/armchair-may-vai-vact-10506\\\/#primaryimage\"},\"thumbnailUrl\":\"https:\\\/\\\/noithatnhadep.azdigi.shop\\\/wp-content\\\/uploads\\\/2026\\\/04\\\/Screenshot-2026-04-28-175302.png\",\"datePublished\":\"2026-04-28T10:58:41+00:00\",\"description\":\"Armchair M\u00e2y (V\u1ea3i VACT 10506) mang \u0111\u1ebfn c\u1ea3m gi\u00e1c g\u1ea7n g\u0169i, nh\u1eb9 nh\u00e0ng nh\u01b0ng v\u1eabn gi\u1eef \u0111\u01b0\u1ee3c n\u00e9t tinh t\u1ebf v\u00e0 hi\u1ec7n \u0111\u1ea1i trong kh\u00f4ng gian s\u1ed1ng.\",\"breadcrumb\":{\"@id\":\"https:\\\/\\\/noithatnhadep.azdigi.shop\\\/index.php\\\/san-pham\\\/armchair-may-vai-vact-10506\\\/#breadcrumb\"},\"inLanguage\":\"vi\",\"potentialAction\":[{\"@type\":\"ReadAction\",\"target\":[\"https:\\\/\\\/noithatnhadep.azdigi.shop\\\/index.php\\\/san-pham\\\/armchair-may-vai-vact-10506\\\/\"]}]},{\"@type\":\"ImageObject\",\"inLanguage\":\"vi\",\"@id\":\"https:\\\/\\\/noithatnhadep.azdigi.shop\\\/index.php\\\/san-pham\\\/armchair-may-vai-vact-10506\\\/#primaryimage\",\"url\":\"https:\\\/\\\/noithatnhadep.azdigi.shop\\\/wp-content\\\/uploads\\\/2026\\\/04\\\/Screenshot-2026-04-28-175302.png\",\"contentUrl\":\"https:\\\/\\\/noithatnhadep.azdigi.shop\\\/wp-content\\\/uploads\\\/2026\\\/04\\\/Screenshot-2026-04-28-175302.png\",\"width\":620,\"height\":570,\"caption\":\"ARMCHAIR M\u00c2Y (V\u1ea2I VACT 10506)\"},{\"@type\":\"BreadcrumbList\",\"@id\":\"https:\\\/\\\/noithatnhadep.azdigi.shop\\\/index.php\\\/san-pham\\\/armchair-may-vai-vact-10506\\\/#breadcrumb\",\"itemListElement\":[{\"@type\":\"ListItem\",\"position\":1,\"name\":\"Trang ch\u1ee7\",\"item\":\"https:\\\/\\\/noithatnhadep.azdigi.shop\\\/\"},{\"@type\":\"ListItem\",\"position\":2,\"name\":\"C\u1eeda h\u00e0ng\",\"item\":\"https:\\\/\\\/noithatnhadep.azdigi.shop\\\/index.php\\\/cua-hang\\\/\"},{\"@type\":\"ListItem\",\"position\":3,\"name\":\"Armchair M\u00e2y (V\u1ea3i Vact 10506)\"}]},{\"@type\":\"WebSite\",\"@id\":\"https:\\\/\\\/noithatnhadep.azdigi.shop\\\/#website\",\"url\":\"https:\\\/\\\/noithatnhadep.azdigi.shop\\\/\",\"name\":\"noithatnhadep\",\"description\":\"\",\"potentialAction\":[{\"@type\":\"SearchAction\",\"target\":{\"@type\":\"EntryPoint\",\"urlTemplate\":\"https:\\\/\\\/noithatnhadep.azdigi.shop\\\/?s={search_term_string}\"},\"query-input\":{\"@type\":\"PropertyValueSpecification\",\"valueRequired\":true,\"valueName\":\"search_term_string\"}}],\"inLanguage\":\"vi\"}]}<\/script>\n<!-- \/ Yoast SEO plugin. -->","yoast_head_json":{"title":"Armchair M\u00e2y (V\u1ea3i Vact 10506) - noithatnhadep","description":"Armchair M\u00e2y (V\u1ea3i VACT 10506) mang \u0111\u1ebfn c\u1ea3m gi\u00e1c g\u1ea7n g\u0169i, nh\u1eb9 nh\u00e0ng nh\u01b0ng v\u1eabn gi\u1eef \u0111\u01b0\u1ee3c n\u00e9t tinh t\u1ebf v\u00e0 hi\u1ec7n \u0111\u1ea1i trong kh\u00f4ng gian s\u1ed1ng.","robots":{"index":"index","follow":"follow","max-snippet":"max-snippet:-1","max-image-preview":"max-image-preview:large","max-video-preview":"max-video-preview:-1"},"canonical":"https:\/\/noithatnhadep.azdigi.shop\/index.php\/san-pham\/armchair-may-vai-vact-10506\/","og_locale":"vi_VN","og_type":"article","og_title":"Armchair M\u00e2y (V\u1ea3i Vact 10506) - noithatnhadep","og_description":"Armchair M\u00e2y (V\u1ea3i VACT 10506) mang \u0111\u1ebfn c\u1ea3m gi\u00e1c g\u1ea7n g\u0169i, nh\u1eb9 nh\u00e0ng nh\u01b0ng v\u1eabn gi\u1eef \u0111\u01b0\u1ee3c n\u00e9t tinh t\u1ebf v\u00e0 hi\u1ec7n \u0111\u1ea1i trong kh\u00f4ng gian s\u1ed1ng.","og_url":"https:\/\/noithatnhadep.azdigi.shop\/index.php\/san-pham\/armchair-may-vai-vact-10506\/","og_site_name":"noithatnhadep","og_image":[{"width":620,"height":570,"url":"https:\/\/noithatnhadep.azdigi.shop\/wp-content\/uploads\/2026\/04\/Screenshot-2026-04-28-175302.png","type":"image\/png"}],"twitter_card":"summary_large_image","twitter_misc":{"\u01af\u1edbc t\u00ednh th\u1eddi gian \u0111\u1ecdc":"3 ph\u00fat"},"schema":{"@context":"https:\/\/schema.org","@graph":[{"@type":"WebPage","@id":"https:\/\/noithatnhadep.azdigi.shop\/index.php\/san-pham\/armchair-may-vai-vact-10506\/","url":"https:\/\/noithatnhadep.azdigi.shop\/index.php\/san-pham\/armchair-may-vai-vact-10506\/","name":"Armchair M\u00e2y (V\u1ea3i Vact 10506) - noithatnhadep","isPartOf":{"@id":"https:\/\/noithatnhadep.azdigi.shop\/#website"},"primaryImageOfPage":{"@id":"https:\/\/noithatnhadep.azdigi.shop\/index.php\/san-pham\/armchair-may-vai-vact-10506\/#primaryimage"},"image":{"@id":"https:\/\/noithatnhadep.azdigi.shop\/index.php\/san-pham\/armchair-may-vai-vact-10506\/#primaryimage"},"thumbnailUrl":"https:\/\/noithatnhadep.azdigi.shop\/wp-content\/uploads\/2026\/04\/Screenshot-2026-04-28-175302.png","datePublished":"2026-04-28T10:58:41+00:00","description":"Armchair M\u00e2y (V\u1ea3i VACT 10506) mang \u0111\u1ebfn c\u1ea3m gi\u00e1c g\u1ea7n g\u0169i, nh\u1eb9 nh\u00e0ng nh\u01b0ng v\u1eabn gi\u1eef \u0111\u01b0\u1ee3c n\u00e9t tinh t\u1ebf v\u00e0 hi\u1ec7n \u0111\u1ea1i trong kh\u00f4ng gian s\u1ed1ng.","breadcrumb":{"@id":"https:\/\/noithatnhadep.azdigi.shop\/index.php\/san-pham\/armchair-may-vai-vact-10506\/#breadcrumb"},"inLanguage":"vi","potentialAction":[{"@type":"ReadAction","target":["https:\/\/noithatnhadep.azdigi.shop\/index.php\/san-pham\/armchair-may-vai-vact-10506\/"]}]},{"@type":"ImageObject","inLanguage":"vi","@id":"https:\/\/noithatnhadep.azdigi.shop\/index.php\/san-pham\/armchair-may-vai-vact-10506\/#primaryimage","url":"https:\/\/noithatnhadep.azdigi.shop\/wp-content\/uploads\/2026\/04\/Screenshot-2026-04-28-175302.png","contentUrl":"https:\/\/noithatnhadep.azdigi.shop\/wp-content\/uploads\/2026\/04\/Screenshot-2026-04-28-175302.png","width":620,"height":570,"caption":"ARMCHAIR M\u00c2Y (V\u1ea2I VACT 10506)"},{"@type":"BreadcrumbList","@id":"https:\/\/noithatnhadep.azdigi.shop\/index.php\/san-pham\/armchair-may-vai-vact-10506\/#breadcrumb","itemListElement":[{"@type":"ListItem","position":1,"name":"Trang ch\u1ee7","item":"https:\/\/noithatnhadep.azdigi.shop\/"},{"@type":"ListItem","position":2,"name":"C\u1eeda h\u00e0ng","item":"https:\/\/noithatnhadep.azdigi.shop\/index.php\/cua-hang\/"},{"@type":"ListItem","position":3,"name":"Armchair M\u00e2y (V\u1ea3i Vact 10506)"}]},{"@type":"WebSite","@id":"https:\/\/noithatnhadep.azdigi.shop\/#website","url":"https:\/\/noithatnhadep.azdigi.shop\/","name":"noithatnhadep","description":"","potentialAction":[{"@type":"SearchAction","target":{"@type":"EntryPoint","urlTemplate":"https:\/\/noithatnhadep.azdigi.shop\/?s={search_term_string}"},"query-input":{"@type":"PropertyValueSpecification","valueRequired":true,"valueName":"search_term_string"}}],"inLanguage":"vi"}]}},"_links":{"self":[{"href":"https:\/\/noithatnhadep.azdigi.shop\/index.php\/wp-json\/wp\/v2\/product\/134","targetHints":{"allow":["GET"]}}],"collection":[{"href":"https:\/\/noithatnhadep.azdigi.shop\/index.php\/wp-json\/wp\/v2\/product"}],"about":[{"href":"https:\/\/noithatnhadep.azdigi.shop\/index.php\/wp-json\/wp\/v2\/types\/product"}],"replies":[{"embeddable":true,"href":"https:\/\/noithatnhadep.azdigi.shop\/index.php\/wp-json\/wp\/v2\/comments?post=134"}],"wp:featuredmedia":[{"embeddable":true,"href":"https:\/\/noithatnhadep.azdigi.shop\/index.php\/wp-json\/wp\/v2\/media\/135"}],"wp:attachment":[{"href":"https:\/\/noithatnhadep.azdigi.shop\/index.php\/wp-json\/wp\/v2\/media?parent=134"}],"wp:term":[{"taxonomy":"product_brand","embeddable":true,"href":"https:\/\/noithatnhadep.azdigi.shop\/index.php\/wp-json\/wp\/v2\/product_brand?post=134"},{"taxonomy":"product_cat","embeddable":true,"href":"https:\/\/noithatnhadep.azdigi.shop\/index.php\/wp-json\/wp\/v2\/product_cat?post=134"},{"taxonomy":"product_tag","embeddable":true,"href":"https:\/\/noithatnhadep.azdigi.shop\/index.php\/wp-json\/wp\/v2\/product_tag?post=134"}],"curies":[{"name":"wp","href":"https:\/\/api.w.org\/{rel}","templated":true}]}}